 base 6, what is 1 - 110402323?
-110402322
In base 10, what is 104 + -22?
82
In base 14, what is -5a - -bc84?
bc28
In base 13, what is 3 - 17653?
-17650
In base 15, what is -9ca51 - 1?
-9ca52
In base 7, what is 10301 + 31?
10332
In base 16, what is 10d0 - 5?
10cb
In base 3, what is -1000210200 + -10?
-1000210210
In base 16, what is 8aa1e3 + -5?
8aa1de
In base 15, what is 3186 + -c?
3179
In base 16, what is 0 - d09a?
-d09a
In base 15, what is -2a + -583?
-5ad
In base 13, what is 191 - ba?
a4
In base 6, what is -153 + 3453?
3300
In base 12, what is -10050 - 2?
-10052
In base 5, what is 201341040 - -3?
201341043
In base 12, what is -3 - -35079?
35076
In base 3, what is -10221 + 110002202?
102221211
In base 3, what is -10000120 - 1200?
-10002020
In base 5, what is -1334 + -3100?
-4434
In base 11, what is -255 - 34?
-289
In base 4, what is 1212213 + 20?
1212233
In base 8, what is -17633 - -6?
-17625
In base 15, what is -4e - -1bb?
16c
In base 8, what is 11 + 225?
236
In base 10, what is -3347 + 12?
-3335
In base 9, what is 2 - 38584?
-38582
In base 15, what is 2590d - 2?
2590b
In base 8, what is 11154 + 6?
11162
In base 2, what is 100 - 10100100000100?
-10100100000000
In base 4, what is 11 - 1333001201?
-1333001130
In base 3, what is 10000200100 - 1?
10000200022
In base 13, what is -5 + 8c783?
8c77b
In base 3, what is -12002011022 - -12?
-12002011010
In base 6, what is -1505330 - -3?
-1505323
In base 6, what is -103 - -1005530?
1005423
In base 9, what is 1886 + 22?
2018
In base 13, what is -10 - -b83?
b73
In base 7, what is 1202514 - 3?
1202511
In base 13, what is 57a + -1c6?
384
In base 13, what is -1a + 1479?
145c
In base 8, what is -267 - 3731?
-4220
In base 16, what is -3481 + -1?
-3482
In base 13, what is 8 + 1077?
1082
In base 14, what is 51637 + -b?
5162a
In base 2, what is 100111001111110110 - 1010?
100111001111101100
In base 9, what is 34861 + -66?
34784
In base 6, what is -50 + -32053?
-32143
In base 9, what is 7037562 + -5?
7037556
In base 2, what is 111110011 + 1011000011?
10010110110
In base 13, what is -a917 + 38?
-a8ac
In base 7, what is 5050 - 6?
5041
In base 3, what is -122 + -10011011?
-10011210
In base 5, what is -10 - -32341123?
32341113
In base 5, what is -2 + 2011314?
2011312
In base 13, what is 67 + 50b?
575
In base 9, what is -514420 - 3?
-514423
In base 4, what is 2113 - -213?
2332
In base 3, what is -211001221222 + 2?
-211001221220
In base 2, what is 101011110111 - 1000111100?
100010111011
In base 14, what is -25 + -3317?
-333c
In base 14, what is -10 - 28bb4?
-28bc4
In base 15, what is 8543 - 9?
8539
In base 14, what is -d7 - -637?
540
In base 10, what is 0 + -185448?
-185448
In base 10, what is -2733 + 19?
-2714
In base 15, what is 12cd - 3?
12ca
In base 2, what is -101111011101000 + -1000?
-101111011110000
In base 14, what is 19 + 1a2b?
1a46
In base 3, what is -12 - -221212022?
221212010
In base 11, what is -16 - -102369?
102353
In base 10, what is -591798 + -5?
-591803
In base 11, what is 11a9 - -11?
120a
In base 2, what is -111100001100110 + 100?
-111100001100010
In base 9, what is 6550 - -28?
6578
In base 4, what is 3301103 + 11?
3301120
In base 5, what is -2 - 20334?
-20341
In base 6, what is -534 + -111321?
-112255
In base 8, what is -1336 + -41?
-1377
In base 11, what is -703501 - 5?
-703506
In base 4, what is 2 - 20330130?
-20330122
In base 9, what is 66186 - -1?
66187
In base 10, what is 41055 - 7?
41048
In base 2, what is 10111000 - -100010000?
111001000
In base 8, what is 124 + -35?
67
In base 9, what is 1685 + -465?
1220
In base 15, what is 2bd5 + 1?
2bd6
In base 14, what is 1 - -178d?
1790
In base 6, what is 104104 - 33?
104031
In base 13, what is -4 - -4086?
4082
In base 16, what is 3 - d74e?
-d74b
In base 2, what is -1011011 - 10100001101?
-10101101000
In base 9, what is 2 - 8854?
-8852
In base 10, what is 11779 - -6?
11785
In base 15, what is 436 - 32?
404
In base 8, what is -50 - -2624?
2554
In base 4, what is -3010310 - 2?
-3010312
In base 13, what is 2b - -b4?
112
In base 5, what is 13011 - 3241?
4220
In base 12, what is -11886 - 6?
-11890
In base 16, what is -4 + -40a5?
-40a9
In base 2, what is -10010100000110 - -10?
-10010100000100
In base 16, what is -d - -c06?
bf9
In base 3, what is -10 - -121102210?
121102200
In base 13, what is ba9 - 3c4?
7b5
In base 5, what is -20 + 10440122?
10440102
In base 13, what is 6704 + -6?
66cb
In base 13, what is 92 - -c5?
187
In base 5, what is 11240322 + -1?
11240321
In base 5, what is 1341121 - -3?
1341124
In base 2, what is -1001001011 + -110100100100?
-111101101111
In base 16, what is -1 + 96d4?
96d3
In base 16, what is 3 - -178cea?
178ced
In base 7, what is -1215233 - 23?
-1215256
In base 7, what is -6415 + -343?
-10061
In base 10, what is -2 + 171837?
171835
In base 14, what is -c3 - 4?
-c7
In base 11, what is -26a + -9619?
-9888
In base 5, what is 121 - -203400?
204021
In base 3, what is -1 - -201121111?
201121110
In base 16, what is c - ad2?
-ac6
In base 16, what is 7 - -1ad2?
1ad9
In base 4, what is 10302202 - 0?
10302202
In base 13, what is -260 + 9?
-254
In base 13, what is 2069 - -7?
2073
In base 6, what is -25551031 - 4?
-25551035
In base 11, what is -683 - 34?
-707
In base 4, what is -123032021 + -2?
-123032023
In base 8, what is 3165 + -715?
2250
In base 13, what is 25b32 - 5?
25b2a
In base 6, what is 122105 + 4?
122113
In base 11, what is 6a042 - 4?
6a039
In base 2, what is 10110001110 - 10010?
10101111100
In base 15, what is 5 - 2966c?
-29667
In base 7, what is 510 - 2541?
-2031
In base 3, what is -2 + 20120220?
20120211
In base 9, what is -6 - -1127?
1121
In base 14, what is 0 + 1602?
1602
In base 7, what is 3 + 4321461?
4321464
In base 4, what is 0 + -30101020?
-30101020
In base 12, what is 1abb4 + -1a?
1ab96
In base 10, what is 89401 - -12?
89413
In base 15, what is 6 - ac7?
-ac1
In base 9, what is -3534 + -2466?
-6111
In base 12, what is -68a3 - -6?
-6899
In base 4, what is -11 + -332211?
-332222
In base 10, what is 41 - -1617?
1658
In base 5, what is 104313413 - -3?
104313421
In base 5, what is 1300110101 + 4?
1300110110
In base 11, what is 243402 + 16?
243418
In base 14, what is -3 - 15958?
-1595b
In base 11, what is 309394 - 0?
309394
In base 13, what is -b - -24?
16
In base 9, what is 77 + 2757?
2845
In base 14, what is -4 + 2083?
207d
In base 14, what is 2d - 3ab?
-37c
In base 6, what is 2103235 - 1?
2103234
In base 12, what is 4b5a + -504?
4656
In base 12, what is 3672 + 16?
3688
In base 9, what is -175637 + -2?
-175640
In base 9, what is 247 + -234?
13
In base 16, what is -40 - 15d?
-19d
In base 2, what is -1011000110 + -1100?
-1011010010
In base 13, what is -21 + 246a?
2449
In base 13, what is -2 - -739c?
739a
In base 5, what is 413 - -1001?
1414
In base 16, what is -13 - -2fe5?
2fd2
In base 10, what is -23311 - 14?
-23325
In base 2, what is 11001010111100110111 + 101?
11001010111100111100
In base 14, what is 4 + 162?
166
In base 6, what is -5 - 2442?
-2451
In base 14, what is 102 + 7a?
17c
In base 3, what is 1220 + 11210?
20200
In base 14, what is 5 + -41909?
-41904
In base 8, what is 13 - -163446?
163461
In base 15, what is -3 + 1aa28?
1aa25
In base 2, what is -1100101000101011 - -11?
-1100101000101000
In base 16, what is 213dc + -5?
213d7
In base 10, what is -1083522 - 0?
-1083522
In base 6, what is -122313 - 11?
-122324
In base 6, what is -4 + 343123?
343115
In base 9, what is 357526 - -5?
357532
In base 3, what is -11 - 20101102000?
-20101102011
In base 13, what is -7b97 + -4c?
-7c16
In base 2, what is 100 - -110010110101101?
110010110110001
In base 5, what is -332401 + -223?
-333124
In base 14, what is 783a - 1?
7839
In base 12, what is -24b1a - 1?
-24b1b
In base 6, what is 4123 - -15301?
23424
In base 14, what is 3503c + 0?
3503c
In base 3, what is 10220 - 112?
10101
In base 6, what is 1210331 - -11?
1210342
In base 2, what is 1111110111100000000 + 10?
1111110111100000010
In base 14, what is -8ad49 - 4?
-8ad4d
In base 3, what is -20212 + -21021?
-112010
In base 12, what is 121284 + 8?
121290
In base 3, what is -22 + -12120221?
-12121020
In base 13, what is 5ac9 - 26?
5aa3
In base 13, what is -3 + -11936?
-11939
In base 3, what is 1101000110 + 121?
1101001001
In base 15, what is -acb3 + -4?
-acb7
In base 4, what is 120 - -320?
1